termine t(17).
35
Let q(g) = 3*g**2 + 81*g - 3. What is q(-27)?
-3
Let w(m) = -m**3 + 14*m**2 - 12*m - 4. What is w(13)?
9
Let h(f) = -f**3 - 3*f + 16. Give h(4).
-60
Let y(u) = u + 1. Give y(-12).
-11
Let c(r) = r**3 + 22*r**2 + 21*r + 14. What is c(-21)?
14
Let j(d) = 26*d + 171. Determine j(-6).
15
Let r(c) = -c**2 - 12*c + 30. Calculate r(7).
-103
Let q(w) = -w**3 - 4*w**2 - 3*w - 6. Determine q(-5).
34
Let h(v) = v**3 - 10*v**2 + 8*v + 28. What is h(9)?
19
Let c(h) = -h**3 - 8*h**2 + 1. What is c(-8)?
1
Let w(n) = -n**3 - 18*n**2 + n + 20. Calculate w(-18).
2
Let p(u) = -2*u**3 - 2*u**2 + 2*u + 3. Determine p(-1).
1
Let k(j) = j**2 - 8*j + 1. What is k(7)?
-6
Let g(n) = n**3 - 8*n**2 + 15*n + 3. Give g(4).
-1
Let r(q) = -q**2 + 1. Determine r(-5).
-24
Let z(p) = -4*p - 18. Determine z(-11).
26
Let a(t) = -t**3 + 8*t**2 + 16*t - 60. Calculate a(9).
3
Let d(w) = -w**2 - 15*w - 28. Determine d(-13).
-2
Let x(s) = -3*s - 46. Give x(-16).
2
Let q(i) = -3*i**3 - 9*i**2 - 7*i - 1. Determine q(-3).
20
Let j(r) = r**2 + 2*r - 2. Determine j(-3).
1
Let f(r) = r**2 + 28*r + 7. What is f(-29)?
36
Let p(x) = -x**3 - 6*x**2 + 12*x + 6. Calculate p(-8).
38
Let g(v) = -3*v + 3. Determine g(3).
-6
Let i(a) = 10*a - 43. What is i(4)?
-3
Let i(z) = -z**3 + 6*z**2 + 3*z - 34. Determine i(6).
-16
Let h(s) = s**2 + 9*s + 8. Give h(-10).
18
Let s(j) = j**3 - j**2 - 5*j + 1. Calculate s(4).
29
Let l(n) = 2*n + 18. What is l(-14)?
-10
Let m(w) = w**3 + 10*w**2 + 7*w - 19. What is m(-8)?
53
Let s(b) = -b**2 + 14*b - 45. Give s(6).
3
Let q(u) = 5*u**2 + 14*u - 6. Determine q(-3).
-3
Let z(b) = 2*b**2 - 34*b - 170. Determine z(21).
-2
Let a(b) = -18*b + 581. Calculate a(32).
5
Let o(r) = -2*r**2 + 15*r - 17. Determine o(9).
-44
Let f(g) = 2*g**2 - 1. What is f(2)?
7
Let r(z) = 3*z**3 - 2*z**2 - 2*z + 3. What is r(2)?
15
Let n(w) = 3*w**2 + 26*w + 29. Calculate n(-7).
-6
Let w(n) = n**2 - 36*n + 260. What is w(26)?
0
Let a(d) = -d**3 + 4*d**2 + 5*d + 11. What is a(5)?
11
Let a(y) = y**3 - 14*y**2 - y + 24. What is a(14)?
10
Let k(w) = -8*w + 67. Give k(7).
11
Let k(c) = -c**2 + 14*c - 7. Give k(14).
-7
Let m(t) = -t + 36. What is m(0)?
36
Let d(l) = l**2 + 6*l - 17. Calculate d(-5).
-22
Let l(t) = t**2 - 9*t + 13. Determine l(7).
-1
Let r(c) = -5*c. Give r(-2).
10
Let m(o) = -o**3 - 24*o**2 - 24*o - 15. What is m(-23)?
8
Let y(u) = -5*u - 113. What is y(-21)?
-8
Let f(x) = x**2 + 7*x + 2. What is f(-8)?
10
Let f(v) = -v + 22. Calculate f(7).
15
Let w(q) = -2*q - 13. Determine w(-12).
11
Let r(z) = -z - 14. What is r(-16)?
2
Let r(c) = -c**3 + 9*c**2 - 8*c + 17. Give r(9).
-55
Let w(d) = d**3 + 3*d**2 + d - 1. Give w(-3).
-4
Let n(q) = 3*q**2 - q - 40. Determine n(-4).
12
Let s(y) = -2*y - 2. What is s(4)?
-10
Let m(c) = -c**2 - 5*c - 10. Calculate m(-4).
-6
Let a(h) = -3*h - 19. Calculate a(-8).
5
Let r(x) = -x**2 - 16*x - 17. Determine r(-14).
11
Let o(x) = -5*x - 35. Determine o(-6).
-5
Let i(f) = -f**2 + 8*f + 6. Give i(4).
22
Let x(a) = -5*a + 93. What is x(21)?
-12
Let i(c) = -c**3 + 7*c**2 - 6*c + 6. Determine i(6).
6
Let g(z) = -6*z**2 - 5*z - 2. Determine g(3).
-71
Let w(d) = d**2 + 18*d + 3. Determine w(-18).
3
Let v(c) = -2*c + 1. Give v(7).
-13
Let p(d) = 4*d**2 + d + 1. Calculate p(1).
6
Let j(z) = -z**2 - 8*z - 2. What is j(-6)?
10
Let k(a) = -2*a**2 + 5*a + 38. Give k(-4).
-14
Let l(j) = -8*j - 7. Calculate l(-5).
33
Let m(u) = 6*u - 75. Calculate m(16).
21
Let p(u) = u**2 - 9*u + 2. Calculate p(12).
38
Let z(r) = r**2 + 6*r - 7. Determine z(-6).
-7
Let y(i) = -i**3 - 2*i**2 + 2*i - 3. Determine y(0).
-3
Let a(i) = 2*i**2 - 11*i + 10. Give a(7).
31
Let j(v) = v**2 - 80. Give j(9).
1
Let v(k) = k**3 - 6*k**2 - 5*k + 5. What is v(7)?
19
Let w(l) = 34*l + 2. Give w(-1).
-32
Let q(f) = -f**3 + 10*f**2 + 19*f + 62. What is q(12)?
2
Let c(g) = g**2 + 11*g - 4. Determine c(-9).
-22
Let d(r) = 15*r - 1. Calculate d(1).
14
Let y(r) = 2*r - 14. Determine y(4).
-6
Let x(j) = j**3 + 3*j**2 + 3*j. Calculate x(-1).
-1
Let j(a) = -a**2 + 5*a + 26. Calculate j(8).
2
Let t(p) = 23*p - 577. What is t(25)?
-2
Let k(r) = -r**2 - r - 6. Determine k(-4).
-18
Let o(k) = -k**3 + k**2 - k + 1. Give o(-2).
15
Let u(x) = 3*x**2 - 23*x + 4. Give u(7).
-10
Let x(k) = 5*k**3 - k. Determine x(-1).
-4
Let k(w) = 6*w**2 - 9*w - 14. Give k(-2).
28
Let p(b) = b**3 + 38*b**2 - 40*b - 15. What is p(-39)?
24
Let k(d) = 2*d**2 - 38*d - 96. Calculate k(21).
-12
Let t(w) = 2*w**3 + 4*w**2 + 4*w + 2. Give t(-2).
-6
Let y(l) = -2*l**2 - 19*l + 1. Calculate y(-10).
-9
Let i(r) = 7*r - 9. Determine i(3).
12
Let v(b) = b**2 - 4*b - 15. Determine v(7).
6
Let c(t) = 4*t**3 - t**2 - 2*t - 1. Calculate c(-2).
-33
Let h(p) = -2*p + 22. Determine h(11).
0
Let i(f) = -f**3 + 5*f**2 - 4*f - 14. Determine i(4).
-14
Let k(o) = o**2 - 10*o - 6. What is k(5)?
-31
Let b(m) = -m**2 - 18*m - 33. Give b(-16).
-1
Let y(b) = -b**3 + 3*b**2 + 10*b - 11. Determine y(7).
-137
Let n(x) = x**3 - 12*x**2 - 11*x - 16. What is n(13)?
10
Let f(j) = -8*j + 4. Give f(5).
-36
Let m(j) = -10*j - 155. Give m(-10).
-55
Let n(s) = -s**2 - 8*s + 4. What is n(-6)?
16
Let b(c) = c**3 - c**2 - 2*c + 2. Determine b(2).
2
Let q(p) = p**2 + 5*p - 9. What is q(-6)?
-3
Let q(f) = f + 4. What is q(-4)?
0
Let i(k) = -k**3 + 4*k**2 - 2*k + 2. Determine i(2).
6
Let s(v) = 59*v - 231. Give s(4).
5
Let s(p) = -2*p**2 - 46*p - 19. Give s(-20).
101
Let a(g) = g**3 - 5*g**2 + 2*g + 2. What is a(4)?
-6
Let s(t) = -t**2 - 10*t - 16. Calculate s(-8).
0
Let v(i) = -3*i**2 + 7*i + 70. Calculate v(6).
4
Let f(s) = 27*s - 3. Calculate f(2).
51
Let p(h) = h**3 + 8*h**2 + 10*h + 1. Give p(-7).
-20
Let n(p) = -p**2 + 8*p - 13. Give n(9).
-22
Let s(y) = y**3 - 10*y**2 + 11. What is s(10)?
11
Let c(m) = -8*m**2 + 8*m - 10. Determine c(4).
-106
Let r(i) = -i**2 - 12*i + 5. What is r(-12)?
5
Let g(a) = -2*a**3 + a**2 - a - 1. Give g(-1).
3
Let h(f) = -f**3 - 2*f**2 + 35. Calculate h(0).
35
Let b(u) = u**3 + 9*u**2 + 13*u - 13. Determine b(-7).
-6
Let q(l) = -5*l**2 + l - 3. Give q(-2).
-25
Let u(w) = -w**2 + 17. Calculate u(0).
17
Let g(f) = -f**2 - 22*f - 68. Determine g(-17).
17
Let i(v) = v**3 - 6*v**2 - 22*v + 51. What is i(8)?
3
Let q(k) = 2*k**2 + 4*k - 18. Give q(-5).
12
Let m(p) = p**3 + p**2 + p + 7. Give m(0).
7
Let n(i) = i**2 - 13*i + 7. Determine n(12).
-5
Let r(w) = 22*w**3 + 4*w + 5. Calculate r(-1).
-21
Let q(g) = -6*g + 9. Calculate q(-8).
57
Let o(k) = -37*k**3 - k - 1. Give o(-1).
37
Let m(b) = -b**2 - 13*b + 11. Give m(-14).
-3
Let t(a) = 8*a + 101. Give t(-12).
5
Let p(l) = -l**2 - 20*l + 67. Calculate p(3).
-2
Let k(a) = -3*a**3 - 17*a**2 - 10*a. What is k(-5)?
0
Let a(y) = -5*y + 22. What is a(8)?
-18
Let g(d) = -4*d**3 - 19*d**2 - 3*d + 6. What is g(-4)?
-30
Let u(t) = t**2 - 2*t - 8. Calculate u(-3).
7
Let l(c) = -2*c**3 - 3*c - 1. What is l(2)?
-23
Let l(u) = u**3 - 6*u**2 + 6*u + 3. What is l(4)?
-5
Let a(r) = -8*r**2 + r - 1. What is a(1)?
-8
Let y(o) = -o - 22. Calculate y(-9).
-13
Let d(n) = n**3 + 43*n**2 - n - 32. What is d(-43)?
11
Let s(h) = -8*h - 43. Determine s(-5).
-3
Let m(x) = -x**2 - 23*x - 2. Calculate m(-23).
-2
Let i(s) = -4*s - 65. Determine i(-18).
7
Let u(z) = z**2 - 3*z - 17. What is u(-4)?
11
Let f(x) = x**3 - 4*x**2 + 6*x - 9. Calculate f(4).
15
Let b(f) = 4*f**2 - 64*f - 56. What is b(17)?
12
Let k(t) = -t**3 + 30*t**2 + 28*t + 88. Calculate k(31).
-5
Let j(q) = 2*q**2 - 14*q + 10. Give j(9).
46
Let t(g) = -g**3 + 11*g**2 + 2*g + 2. What is t(11)?
24
Let d(h) = h**2 + 19*h + 36. Give d(-17).
2
Let v(y) = -y**2 + 13*y - 31. What is v(10)?
-1
Let q(v) = 2*v**2 - 4. What is q(-4)?
28
Let d(c) = 8*c - 20. Calculate d(4).
12
Let i(f) = -f**2 - 3*f + 2. What is i(-5)?
-8
Let t(p) = -2*p + 9. Give t(4).
1
Let r(b) = 12*b**2 + 6*b - 2. What is r(1)?
16
Let j(u) = 3*u**3 + 2*u**2 - 2*u - 2. What is j(-2)?
-14
Let o(q) = 4*q + 10. Determine o(-7).
-18
Let c(l) = l**2 - 50*l - 147. Calculate c(-3).
12
Let r(b) = 17*b + 116. Give r(-9).
-37
Let d(b) = 19*b**2 + 5*b - 11. Determine d(3).
175
Let r(v) = -v**2 + 27*v + 47. Determine r(26).
73
Let t(b) = -14*b + 284. Determine t(20).
4
Let r(f) = 5*f + 104. What is r(-20)?
4
Let y(l) = l**3 - 9*l**2 + 10*l - 3. Give y(4).
-43
Let n(p) = -5*p**2 + 2*p. What is n(2)?
-16
Let 